{"id":166292,"date":"2026-02-13T21:18:46","date_gmt":"2026-02-13T19:18:46","guid":{"rendered":"https:\/\/exlibris.ee\/toode\/der-weihnachtsschatz-lesehasen-bucherei-lekture-fur-kinder\/"},"modified":"2026-05-03T11:30:39","modified_gmt":"2026-05-03T08:30:39","slug":"der-weihnachtsschatz-lesehasen-bucherei-lekture-fur-kinder","status":"publish","type":"product","link":"https:\/\/exlibris.ee\/en\/product\/der-weihnachtsschatz-lesehasen-bucherei-lekture-fur-kinder\/","title":{"rendered":"Der Weihnachtsschatz\/Lesehasen-B\u00fccherei \/ Lekt\u00fcre f\u00fcr Kinder"},"content":{"rendered":"<p>Zielgruppe: Kinder ab 7 Jahren (2.\/3. Klasse). \u201eWas da wohl drin ist?\u201c, fragen sich Klara, Max und Timmy, als ihr Hund Nessi eine T\u00fcte im Geb\u00fcsch entdeckt. Aufgeregt untersuchen sie den geheimnisvollen Fund. Timmy ist erleichtert, dass es keine tote Maus ist, sondern ein kleiner Beutel \u2013 mit echtem Geld. Da die T\u00fcte mit dem Weihnachtsmann-Motiv anscheinend niemandem geh\u00f6rt, nehmen die drei Kinder ihren Weihnachtsschatz mit. Sie kaufen sich Spielzeug und essen Hamburger mit Pommes. Au\u00dferdem finanzieren sie mit dem unerwarteten Geldsegen die Weihnachtsgeschenke f\u00fcr ihre Familie. Aber dann erfahren sie zuf\u00e4llig, dass eine \u00e4ltere Dame die T\u00fcte verloren hat. In dem Geldbeutel war der Rest ihrer Rente und sie vermisst das Geld nun schmerzlich. Die Kinder beraten, was sie tun k\u00f6nnen. Da hat Klara pl\u00f6tzlich eine Idee .<\/p>\n","protected":false},"excerpt":{"rendered":"<p>Zielgruppe: Kinder ab 7 Jahren (2.\/3. Klasse). \u201eWas da wohl drin ist?\u201c, fragen sich Klara, Max und Timmy, als ihr Hund Nessi eine T\u00fcte im Geb\u00fcsch entdeckt. Aufgeregt untersuchen sie den geheimnisvollen Fund. Timmy ist erleichtert, dass es keine tote&#8230;<\/p>\n","protected":false},"featured_media":626300,"template":"","meta":{"_acf_changed":false,"inline_featured_image":false},"product_brand":[],"product_cat":[851],"product_tag":[],"series":[],"publisher":[{"id":2104,"name":"Hase und Igel Verlag","slug":"hase-und-igel-verlag"}],"class_list":{"0":"post-166292","1":"product","2":"type-product","3":"status-publish","4":"has-post-thumbnail","6":"product_cat-lesetexte-deutsch","7":"publisher-hase-und-igel-verlag","9":"first","10":"onbackorder","11":"taxable","12":"shipping-taxable","13":"purchasable","14":"product-type-simple"},"acf":[],"_links":{"self":[{"href":"https:\/\/exlibris.ee\/en\/wp-json\/wp\/v2\/product\/166292","targetHints":{"allow":["GET"]}}],"collection":[{"href":"https:\/\/exlibris.ee\/en\/wp-json\/wp\/v2\/product"}],"about":[{"href":"https:\/\/exlibris.ee\/en\/wp-json\/wp\/v2\/types\/product"}],"wp:featuredmedia":[{"embeddable":true,"href":"https:\/\/exlibris.ee\/en\/wp-json\/wp\/v2\/media\/626300"}],"wp:attachment":[{"href":"https:\/\/exlibris.ee\/en\/wp-json\/wp\/v2\/media?parent=166292"}],"wp:term":[{"taxonomy":"product_brand","embeddable":true,"href":"https:\/\/exlibris.ee\/en\/wp-json\/wp\/v2\/product_brand?post=166292"},{"taxonomy":"product_cat","embeddable":true,"href":"https:\/\/exlibris.ee\/en\/wp-json\/wp\/v2\/product_cat?post=166292"},{"taxonomy":"product_tag","embeddable":true,"href":"https:\/\/exlibris.ee\/en\/wp-json\/wp\/v2\/product_tag?post=166292"},{"taxonomy":"series","embeddable":true,"href":"https:\/\/exlibris.ee\/en\/wp-json\/wp\/v2\/series?post=166292"},{"taxonomy":"publisher","embeddable":true,"href":"https:\/\/exlibris.ee\/en\/wp-json\/wp\/v2\/publisher?post=166292"}],"curies":[{"name":"wp","href":"https:\/\/api.w.org\/{rel}","templated":true}]}}

Der Weihnachtsschatz/Lesehasen-Bücherei / Lektüre für Kinder

<p>Zielgruppe: Kinder ab 7 Jahren (2./3. Klasse). „Was da wohl drin ist?“, fragen sich Klara, Max und Timmy, als ihr Hund Nessi eine Tüte im Gebüsch entdeckt. Aufgeregt untersuchen sie den geheimnisvollen Fund. Timmy ist erleichtert, dass es keine tote Maus ist, sondern ein kleiner Beutel – mit echtem Geld. Da die Tüte mit dem Weihnachtsmann-Motiv anscheinend niemandem gehört, nehmen die drei Kinder ihren Weihnachtsschatz mit. Sie kaufen sich Spielzeug und essen Hamburger mit Pommes. Außerdem finanzieren sie mit dem unerwarteten Geldsegen die Weihnachtsgeschenke für ihre Familie. Aber dann erfahren sie zufällig, dass eine ältere Dame die Tüte verloren hat. In dem Geldbeutel war der Rest ihrer Rente und sie vermisst das Geld nun schmerzlich. Die Kinder beraten, was sie tun können. Da hat Klara plötzlich eine Idee .</p>

<p>Zielgruppe: Kinder ab 7 Jahren (2./3. Klasse). „Was da wohl drin ist?“, fragen sich Klara, Max und Timmy, als ihr Hund Nessi eine Tüte im Gebüsch entdeckt. Aufgeregt untersuchen sie den geheimnisvollen Fund. Timmy ist erleichtert, dass es keine tote&#8230;</p>
