{"id":82615,"date":"2023-07-11T10:48:15","date_gmt":"2023-07-11T07:48:15","guid":{"rendered":"https:\/\/exlibris.ee\/toode\/sprechen-horen-sprechen-ubungen-zur-deutschen-aussprache-pdf-download\/"},"modified":"2026-04-26T13:35:36","modified_gmt":"2026-04-26T10:35:36","slug":"sprechen-horen-sprechen-ubungen-zur-deutschen-aussprache-pdf-download","status":"publish","type":"product","link":"https:\/\/exlibris.ee\/en\/product\/sprechen-horen-sprechen-ubungen-zur-deutschen-aussprache-pdf-download\/","title":{"rendered":"Sprechen H\u00f6ren Sprechen  \u00dcbungen zur deutschen Aussprache \/ PDF-Download"},"content":{"rendered":"<p>Voraussetzungen: Grundstufenkenntnisse. Lernziel: Korrekte deutsche Standardaussprache. Die Einf\u00fchrung in die deutsche Aussprache mit vielen \u00dcbungen zum H\u00f6ren und Sprechen ist konsequent praxisbezogen und verzichtet auf unn\u00f6tigen theoretischen Ballast. Sprechen H\u00f6ren Sprechen richtet sich auch an Muttersprachler, die beruflich die Standardaussprache brauchen, und ist in der Sprecherziehung und Sprachtherapie einsetzbar. Vom einzelnen Laut bis zur Sprachmelodie in ganzen S\u00e4tzen und Texten werden alle Bereiche abgedeckt, bei punktuellen Schwierigkeiten hilft die gezielte Anleitung zur Fehlerkorrektur.<\/p>\n","protected":false},"excerpt":{"rendered":"<p>Voraussetzungen: Grundstufenkenntnisse. Lernziel: Korrekte deutsche Standardaussprache. Die Einf\u00fchrung in die deutsche Aussprache mit vielen \u00dcbungen zum H\u00f6ren und Sprechen ist konsequent praxisbezogen und verzichtet auf unn\u00f6tigen theoretischen Ballast. Sprechen H\u00f6ren Sprechen richtet sich auch an Muttersprachler, die beruflich die Standardaussprache&#8230;<\/p>\n","protected":false},"featured_media":491220,"template":"","meta":{"_acf_changed":false,"inline_featured_image":false},"product_brand":[],"product_cat":[558],"product_tag":[],"series":[],"publisher":[{"id":1315,"name":"Verlag f\u00fcr Deutsch","slug":"verlag-fur-deutsch"}],"class_list":{"0":"post-82615","1":"product","2":"type-product","3":"status-publish","4":"has-post-thumbnail","6":"product_cat-deutsch-uben","7":"publisher-verlag-fur-deutsch","9":"first","10":"onbackorder","11":"taxable","12":"shipping-taxable","13":"purchasable","14":"product-type-simple"},"acf":[],"_links":{"self":[{"href":"https:\/\/exlibris.ee\/en\/wp-json\/wp\/v2\/product\/82615","targetHints":{"allow":["GET"]}}],"collection":[{"href":"https:\/\/exlibris.ee\/en\/wp-json\/wp\/v2\/product"}],"about":[{"href":"https:\/\/exlibris.ee\/en\/wp-json\/wp\/v2\/types\/product"}],"wp:featuredmedia":[{"embeddable":true,"href":"https:\/\/exlibris.ee\/en\/wp-json\/wp\/v2\/media\/491220"}],"wp:attachment":[{"href":"https:\/\/exlibris.ee\/en\/wp-json\/wp\/v2\/media?parent=82615"}],"wp:term":[{"taxonomy":"product_brand","embeddable":true,"href":"https:\/\/exlibris.ee\/en\/wp-json\/wp\/v2\/product_brand?post=82615"},{"taxonomy":"product_cat","embeddable":true,"href":"https:\/\/exlibris.ee\/en\/wp-json\/wp\/v2\/product_cat?post=82615"},{"taxonomy":"product_tag","embeddable":true,"href":"https:\/\/exlibris.ee\/en\/wp-json\/wp\/v2\/product_tag?post=82615"},{"taxonomy":"series","embeddable":true,"href":"https:\/\/exlibris.ee\/en\/wp-json\/wp\/v2\/series?post=82615"},{"taxonomy":"publisher","embeddable":true,"href":"https:\/\/exlibris.ee\/en\/wp-json\/wp\/v2\/publisher?post=82615"}],"curies":[{"name":"wp","href":"https:\/\/api.w.org\/{rel}","templated":true}]}}

Sprechen Hören Sprechen  Übungen zur deutschen Aussprache / PDF-Download

<p>Voraussetzungen: Grundstufenkenntnisse. Lernziel: Korrekte deutsche Standardaussprache. Die Einführung in die deutsche Aussprache mit vielen Übungen zum Hören und Sprechen ist konsequent praxisbezogen und verzichtet auf unnötigen theoretischen Ballast. Sprechen Hören Sprechen richtet sich auch an Muttersprachler, die beruflich die Standardaussprache brauchen, und ist in der Sprecherziehung und Sprachtherapie einsetzbar. Vom einzelnen Laut bis zur Sprachmelodie in ganzen Sätzen und Texten werden alle Bereiche abgedeckt, bei punktuellen Schwierigkeiten hilft die gezielte Anleitung zur Fehlerkorrektur.</p>

<p>Voraussetzungen: Grundstufenkenntnisse. Lernziel: Korrekte deutsche Standardaussprache. Die Einführung in die deutsche Aussprache mit vielen Übungen zum Hören und Sprechen ist konsequent praxisbezogen und verzichtet auf unnötigen theoretischen Ballast. Sprechen Hören Sprechen richtet sich auch an Muttersprachler, die beruflich die Standardaussprache&#8230;</p>

Verlag für Deutsch
