{"id":109309,"date":"2024-02-08T06:37:31","date_gmt":"2024-02-08T04:37:31","guid":{"rendered":"https:\/\/exlibris.ee\/toode\/das-volk-der-honigsammler-tiergeschichten-materialien-und-kopiervorlagen-zur-klassenlekture\/"},"modified":"2026-04-26T11:57:44","modified_gmt":"2026-04-26T08:57:44","slug":"das-volk-der-honigsammler-tiergeschichten-materialien-und-kopiervorlagen-zur-klassenlekture","status":"publish","type":"product","link":"https:\/\/exlibris.ee\/ru\/produkt\/das-volk-der-honigsammler-tiergeschichten-materialien-und-kopiervorlagen-zur-klassenlekture\/","title":{"rendered":"Das Volk der Honigsammler \/ Tiergeschichten \/ Materialien und Kopiervorlagen zur Klassenlekt\u00fcre"},"content":{"rendered":"<p>Die Insektendichte hat in den vergangenen Jahrzehnten rasant abgenommen. Schon Kinder sollten daf\u00fcr sensibilisiert werden, welche Bedeutung Insekten f\u00fcr uns haben und wie sch\u00fctzenswert sie sind. Das Begleitmaterial unterst\u00fctzt Sie dabei mit Sachwissen \u00fcber Bienen und Anregungen, wie man im Schulgarten oder zu Hause insektenfreundliche Areale schaffen kann. Dar\u00fcber hinaus bietet es vielseitige Aufgaben zur Sicherung des Lesestoffs und zur Spracharbeit.<\/p>\n","protected":false},"excerpt":{"rendered":"<p>Die Insektendichte hat in den vergangenen Jahrzehnten rasant abgenommen. Schon Kinder sollten daf\u00fcr sensibilisiert werden, welche Bedeutung Insekten f\u00fcr uns haben und wie sch\u00fctzenswert sie sind. Das Begleitmaterial unterst\u00fctzt Sie dabei mit Sachwissen \u00fcber Bienen und Anregungen, wie man im&#8230;<\/p>\n","protected":false},"featured_media":490428,"template":"","meta":{"_acf_changed":false,"inline_featured_image":false},"product_brand":[],"product_cat":[851],"product_tag":[],"series":[{"id":2116,"name":"Das Volk der Honigsammler","slug":"das-volk-der-honigsammler"}],"publisher":[{"id":2104,"name":"Hase und Igel Verlag","slug":"hase-und-igel-verlag"}],"class_list":{"0":"post-109309","1":"product","2":"type-product","3":"status-publish","4":"has-post-thumbnail","6":"product_cat-lesetexte-deutsch","7":"series-das-volk-der-honigsammler","8":"publisher-hase-und-igel-verlag","10":"first","11":"onbackorder","12":"taxable","13":"shipping-taxable","14":"purchasable","15":"product-type-simple"},"acf":[],"_links":{"self":[{"href":"https:\/\/exlibris.ee\/ru\/wp-json\/wp\/v2\/product\/109309","targetHints":{"allow":["GET"]}}],"collection":[{"href":"https:\/\/exlibris.ee\/ru\/wp-json\/wp\/v2\/product"}],"about":[{"href":"https:\/\/exlibris.ee\/ru\/wp-json\/wp\/v2\/types\/product"}],"wp:featuredmedia":[{"embeddable":true,"href":"https:\/\/exlibris.ee\/ru\/wp-json\/wp\/v2\/media\/490428"}],"wp:attachment":[{"href":"https:\/\/exlibris.ee\/ru\/wp-json\/wp\/v2\/media?parent=109309"}],"wp:term":[{"taxonomy":"product_brand","embeddable":true,"href":"https:\/\/exlibris.ee\/ru\/wp-json\/wp\/v2\/product_brand?post=109309"},{"taxonomy":"product_cat","embeddable":true,"href":"https:\/\/exlibris.ee\/ru\/wp-json\/wp\/v2\/product_cat?post=109309"},{"taxonomy":"product_tag","embeddable":true,"href":"https:\/\/exlibris.ee\/ru\/wp-json\/wp\/v2\/product_tag?post=109309"},{"taxonomy":"series","embeddable":true,"href":"https:\/\/exlibris.ee\/ru\/wp-json\/wp\/v2\/series?post=109309"},{"taxonomy":"publisher","embeddable":true,"href":"https:\/\/exlibris.ee\/ru\/wp-json\/wp\/v2\/publisher?post=109309"}],"curies":[{"name":"wp","href":"https:\/\/api.w.org\/{rel}","templated":true}]}}

Das Volk der Honigsammler / Tiergeschichten / Materialien und Kopiervorlagen zur Klassenlektüre

<p>Die Insektendichte hat in den vergangenen Jahrzehnten rasant abgenommen. Schon Kinder sollten dafür sensibilisiert werden, welche Bedeutung Insekten für uns haben und wie schützenswert sie sind. Das Begleitmaterial unterstützt Sie dabei mit Sachwissen über Bienen und Anregungen, wie man im Schulgarten oder zu Hause insektenfreundliche Areale schaffen kann. Darüber hinaus bietet es vielseitige Aufgaben zur Sicherung des Lesestoffs und zur Spracharbeit.</p>

<p>Die Insektendichte hat in den vergangenen Jahrzehnten rasant abgenommen. Schon Kinder sollten dafür sensibilisiert werden, welche Bedeutung Insekten für uns haben und wie schützenswert sie sind. Das Begleitmaterial unterstützt Sie dabei mit Sachwissen über Bienen und Anregungen, wie man im&#8230;</p>
